r(-8)?
-5
Let x(g) = g**2 - 4*g. Suppose 0 = -3*r - 13*r + 64. Give x(r).
0
Let c(x) be the third derivative of 9*x**5/20 - x**3/6 - x**2 - 25*x. What is c(-1)?
26
Let u(q) = -424*q + 210*q - 12*q**3 + 213*q. Calculate u(1).
-13
Let o = -10 + 12. Let z(t) = -5*t + t**o + 34 - 67 + 24. Calculate z(7).
5
Let x be (-2)/4 - (-7)/2. Let q(p) = 0*p + 2 - p + x*p. Suppose -12 = 2*d - 6. Determine q(d).
-4
Let o(l) = l**3 + 6*l**2 + 4. Let t = -79 - -62. Let b be (-2)/1 + (t - -13). What is o(b)?
4
Let j(f) = -43*f + 13. Let q(m) = -130*m + 42. Let u(y) = 16*j(y) - 5*q(y). What is u(2)?
-78
Let b(k) = -2*k - 36. Let v be b(-19). Let m(g) = 2*g + g**3 + v*g + 4 - 3*g**2 - 8 + 0*g**3. What is m(3)?
8
Let t(s) be the third derivative of -s**4/24 - s**3/3 + s**2. Let y(m) = m + 1. Let g(o) = -2*t(o) - 3*y(o). What is g(-3)?
4
Let y(l) = -2*l - 13. Let u(k) = -2*k - 14. Let i(n) = -6*u(n) + 7*y(n). Suppose 282*j - 272*j = -80. What is i(j)?
9
Let j(k) = -47*k - 5. Let h(p) = -32*p - 4. Let u(i) = 7*h(i) - 5*j(i). Calculate u(-2).
-25
Let a(n) = -3*n**2 + 0*n - 1 - 7*n - 3*n**3 + 3*n**2 + 8*n. Determine a(2).
-23
Let c(y) = -5*y**3 + 6*y**2 + 3*y + 6. Let q(h) = -h**3 + 1. Let m = 62 + -63. Let u(r) = m*c(r) + 4*q(r). Calculate u(6).
-20
Let d(x) = 26*x + 5. Let f(p) = 35*p + 4. Let m(t) = -4*d(t) + 3*f(t). Let b(s) = s**3 - s**2 - 5*s + 3. Let g be b(3). Determine m(g).
-2
Suppose 21 = -5*v - 2*t, 0*v - 14 = 2*v - 2*t. Let f(z) = -23*z**2 - 43*z - 12. Let j(p) = 18*p**2 + 34*p + 9. Let c(s) = 7*f(s) + 9*j(s). What is c(v)?
-3
Let i(t) = 3 - 3*t - 3*t**2 + 2*t**2 - 2*t**2 + t**3. Let w = 10 - 8. Suppose w*n - n = 2. Calculate i(n).
-7
Let j(z) be the third derivative of z**5/60 + z**4/24 + 5*z**3/3 - 7*z**2. Let g = 20 - 20. Give j(g).
10
Let l = 412 + -407. Let a(y) be the second derivative of -y**3/2 + 3*y**2 + 14*y. Determine a(l).
-9
Let j(x) = x**2 - 4*x + 3. Let v(i) = -2*i**2 + 4*i - 2. Let a be v(2). Let w be a - (1 - 3) - 0. Suppose c - 3 + 0 = w. What is j(c)?
0
Let o = 13 - 7. Let r(u) = -11*u**3 - u + 1. Let n be r(1). Let p(d) = -5*d - 7. Let h(j) = -9*j - 13. Let s(x) = n*p(x) + 6*h(x). Give s(o).
5
Let h(y) = -2*y - 3. Let q be (-6)/15 + (-6 - 60/(-25)). Give h(q).
5
Let a be 3*8/(-3)*(-1)/4. Let w(j) = -j + j**2 + j**a - 4*j - 3*j**2 - 6. Suppose 30 = -3*y + 4*o, -2 - 1 = y + o. Give w(y).
-12
Let s(m) = -m**2 - m - 1. Let h(o) = 4*o**2 + 12*o - 1. Let i(a) = -h(a) - 5*s(a). Let g = -1365 + 1370. Give i(g).
-4
Let j(r) = r**2 + 7*r - 1. Let d(g) = g**2 - 7*g + 4. Let h be d(5). Let w be j(h). Let q(z) = z**3 + 8*z**2 + 4*z + 4. What is q(w)?
25
Suppose 3 = v + 2. Let j be -6*3/(-4 + v). Let m(t) = -2*t - 3*t + j*t + t - 8. Calculate m(6).
4
Suppose -13*d + 111*d = -196. Let m(r) be the second derivative of r**5/20 + r**4/4 + r**3/6 - r**2/2 + 2*r. Determine m(d).
1
Suppose -r = 4*i + 4*r - 16, 2*r = 4*i - 16. Let v be (-6 - -8)*(-1 + 6/4). Suppose -i*z + f = -24, -z - v = -5*f - 7. Let o(n) = -n + 7. What is o(z)?
1
Let r(l) = -l**3 - 7*l**2 - 6*l + 2. Let x(m) = 4*m + 10. Suppose 16 = -4*s - 0*s. Let q be x(s). Give r(q).
2
Let q(i) = 19 - 747556*i + 3*i**2 + 747545*i - i**2. Give q(5).
14
Let t(l) = 7*l + 7. Let b = 8 - -1. Let s(i) = -4*i - 3. Suppose -4*m - m + 20 = 0. Let h(j) = b*s(j) + m*t(j). Calculate h(-1).
9
Let v(q) = q**2 + 8*q + 12. Let u be v(-7). Suppose 6 - 16 = -u*s. Let o(g) = g**3 - 2*g**2 + g - 2. Calculate o(s).
0
Let m = 15 + -15. Let z be 24/(-2)*25/(-20). Suppose m = -8*d + 5*d - z. Let f(c) = c**3 + 5*c**2 + c - 7. Determine f(d).
-12
Let q(a) = -4*a**2 + a - 2. Let l be -4*(4/(-14) + 66/84). What is q(l)?
-20
Let x(a) = a**2 - 31*a + 149. Let f be x(6). Let q(m) = -3*m**3 + 2*m**2 + 4*m + 2. What is q(f)?
3
Suppose -3*y - 21 = 9. Let t be (18/(-15))/((-2)/y). Let q(z) = z**3 + 7*z**2 + 4*z + 1. Determine q(t).
13
Let c(w) = -w + 1. Let a be (-48)/(-10) + 2/10. Let f = -10 + a. Let o = -2 - f. What is c(o)?
-2
Let w be -3 + (4 - -2) + -12. Let a(n) = n**3 + 10*n**2 + 10*n + 13. What is a(w)?
4
Let w(o) = -2*o**2 - 8*o + 2. Let p(l) = 2*l**3 - l**2 - 4. Let v be p(0). Let m be w(v). Let r(a) = -2*a**2 - 2*a. Calculate r(m).
-12
Let u(m) = -15*m - 7. Let q(t) = -65*t - 29. Let i(k) = -2*q(k) + 9*u(k). What is i(-2)?
5
Let x be (6/(-4))/(1/(-2)). Let s(c) = -2 - 4 + 4*c**2 - 6*c + 4 + c**x. Give s(-5).
3
Let o(f) = 2*f - 6. Let g = 407 + -419. What is o(g)?
-30
Let h be (-20)/(-50) - (-3)/(-45). Let x(b) be the first derivative of -h*b**3 + 0*b**2 + b + 1. What is x(2)?
-3
Let p(h) be the second derivative of h**4/12 - 17*h**3/6 + 3*h**2 - 34*h + 5. Determine p(17).
6
Let q(n) = 9*n - 8. Let f be q(2). Let y(h) = -3 - 3*h + f - 10 + h**3 - 4*h**2. What is y(4)?
-15
Let q(x) be the second derivative of x**3/6 + 3*x**2/2 + 46*x. Let n(s) = -s**2 + 6*s + 5. Let i be n(5). Let y be ((-6)/10)/((-2)/i). Calculate q(y).
6
Let t(a) = 6*a - 24. Let l(h) = 2*h - 8. Let b(n) = 14*l(n) - 5*t(n). What is b(13)?
-18
Let q = 253/3 - 5059/60. Let v(n) be the third derivative of n**2 + 0 - q*n**5 - 1/24*n**4 + 0*n + 1/6*n**3. Calculate v(-3).
-5
Suppose 26*z = 16*z + 720. Let w = z + -69. Let m(q) = -q**2 + 2*q + 1. Determine m(w).
-2
Let u(m) = -m**3 - m**2 + 15*m + 6. Let r be u(-4). Let c(l) be the first derivative of l**4/4 + 5*l**3/3 - 3*l**2 + 3*l - 1. What is c(r)?
3
Let h(m) be the second derivative of -m**4/6 - 5*m**3/6 - 3*m**2 - 1482*m. Let d = 1 - 5. Give h(d).
-18
Let j(q) = -4*q - 1. Let n = 19 - -3. Suppose n - 23 = -r. Determine j(r).
-5
Let d(y) = -13036 + 2*y - y**3 - 3*y + y**2 + 13035 - 3*y**2. Let q be (6/18)/((-2)/12). What is d(q)?
1
Let d(n) = -n**3 - 4*n**2 + n + 1. Let g(q) = -2*q**3 - 7*q**2 + 2*q + 2. Let c(x) = 11*d(x) - 6*g(x). Calculate c(3).
5
Let r(k) = -k**2 - 8*k - 17. Let f(m) = m**3 + 43*m**2 + 120*m - 7. Let p be f(-40). What is r(p)?
-10
Let n(z) = -z**3 - 2*z**2 + 3*z + 2. Let b be n(-3). Suppose 2*o - 2 = 4. Let f(d) = 2*d - 2 - o*d**b + 6*d - 4*d. Calculate f(2).
-6
Let v = 14 + -12. Let g be (v - 5)/9*0. Suppose -l = -g - 2. Let b(r) = -2*r**2 + 3*r. Calculate b(l).
-2
Let n(f) = 2 + 34 + 4*f**2 - 6*f - 2*f**3 - 39 + 5. Calculate n(2).
-10
Let g = 26 - 26. Suppose -3 = -w - g*w. Let h(f) = -f**2 + 2*f + 1. What is h(w)?
-2
Let d be (-2)/3*12/(-4). Let c(p) = -7*p**3 - 11*p**2 - 9*p - 2. Let t(u) = 3*u**3 + 5*u**2 + 4*u + 1. Let a(j) = d*c(j) + 5*t(j). Let f = 0 + -3. What is a(f)?
-5
Suppose 42*s = -89 + 215. Let k(w) = -12*w + 28. What is k(s)?
-8
Suppose 2*n - 25 = -3. Let y(b) = b**2 + 11*b - 1 - 5 - 5 - 2*b**2. Give y(n).
-11
Let o(d) = 4 - 8 - 3 - d + 0*d. Let n = 44 + -50. What is o(n)?
-1
Let w be -18*(-1)/(-6)*-2. Suppose -4*l + 8*l = 8. Let f(b) = -b**l + 4*b**2 + b - 4*b**2 - w*b - 2. What is f(-5)?
-2
Let u(b) = 3*b**2 - 17*b - 1. Let q be u(6). Let f(a) = -a**2 + a - 6. Determine f(q).
-26
Let o(j) = j**2 - 8*j + 6. Let a(u) = 5*u + 9. Let l be a(-4). Let z be (-2)/l - 93/(-33) - -3. Give o(z).
-6
Suppose -l = 2*m - 0*l + 17, l + 11 = -m. Let d be 3 + (-6)/9*m. Suppose -2*c - 1 = -d. Let q(k) = k**2 - 5*k + 2. Determine q(c).
-4
Let z(y) = -9*y + 34. Let k be z(3). Let c(s) = -s**3 + 9*s**2 - 5*s - 10. What is c(k)?
53
Let q(c) = 5*c**2 + 4*c - 3. Let l be q(2). Let y = l + -18. Let g(o) be the third derivative of o**4/12 - 4*o**3/3 + o**2. Calculate g(y).
6
Let d(a) = -a**2 - a - 11. Let h be 3/(-27) - (-1)/9. What is d(h)?
-11
Suppose 5 = -4*c + u - 6, 4*u = 5*c. Let z(l) = -l**3 - 5*l**2 - l + 2. Give z(c).
-10
Let h(l) = 11*l - 28. Let f be h(6). Let p = f + -37. Let j(k) be the third derivative of 11*k**5/60 - k**4/24 + k**2. Calculate j(p).
10
Let j(u) = 2*u + 13. Suppose 0 = -f - 0*f + 6. Let z(n) = -4 - 8*n - 3 + 7*n. Let p(a) = f*j(a) + 11*z(a). Calculate p(-6).
-5
Let a(d) = -d**2 - 8*d - 5. Let u = -9 - -6. Let n(b) = -2*b - 3. Let z be n(u). Let r(m) = -3*m + 2. Let g be r(z). Determine a(g).
2
Let n(y) = -3*y**2 - y**3 - 2*y**2 + 4218 - 4220 + y. What is n(-5)?
-7
Let o(f) be the third derivative of f**6/360 + f**4/24 - f**3/6 - 10*f**2. Let q(l) be the first derivative of o(l). Give q(0).
1
Let o(b) = 3*b + 1. Let l(j) = -j. Suppose 0 = -3*z + 5*z + 4. Let x(k) = z*l(k) + o(k). Let r be 1/(-4) + (-3)/4. Determine x(r).
-4
Let d(i) be the second derivative of -i**